{"id":176,"date":"2023-10-23T19:46:59","date_gmt":"2023-10-23T19:46:59","guid":{"rendered":"https:\/\/timebankarnhem.nl\/?page_id=176"},"modified":"2023-10-23T19:46:59","modified_gmt":"2023-10-23T19:46:59","slug":"time-bank-arnhem-tba","status":"publish","type":"page","link":"https:\/\/timebankarnhem.nl\/index.php\/time-bank-arnhem-tba\/","title":{"rendered":"Time Bank Arnhem (TBA)"},"content":{"rendered":"\n<p>Time banking is een manier om ruilhandel tussen particulieren te waarderen. \u00c9\u00e9n TBA (Timebank Arnhem eenheid) kun je gelijk stellen aan \u00e9\u00e9n uur vrijwiliggersinzet. Daarmee staat 1,5 TBA gelijk aan 1,5 uur.  De Arnhems Hert gemeenschap introduceert deze TBA naast de sinds 2018 in omloop zijnde Arnhems Hert.<br>Elke particuliere Arnhems Hert deelnemer krijgt (naast zijn\/haar betaalrekening met Arnhems Hert) ook een saldo met 10 TBA&#8217;s. Dat staat gelijk aan 10 vrijwilligers uren.<br>Maatschappelijke organisaties kunnen een saldo aan TBA&#8217;s aanvragen. Door deze aanvraag te honoreren , geeft Arnhems Hert aan dat zij de maatschappelijke bijdrage van deze organisatie waarderen. Deze waardering wordt tot uitdrukking gebracht in het geschonken saldo TBA. <br>Daarmee kan deze maatschappelijke organisatie hun vrijwilligers waarderen voor het werk wat ze voor deze maatschappelijke organisatie realiseren. Een combinatie van Arnhems Hert (ARH) en Timebank Arnhem eenheden (TBA) verstrekken, mag natuurlijk ook! <br><br>De vrijwilligers kunnen vervolgens met hun TBA op de marktplaats diensten en producten aanschaffen\/ruilen. <br>Arnhems Hert wisselt geen TBA&#8217;s om naar Arnhems Hert of Euro&#8217;s.<br><br>Lees hier meer over <a href=\"https:\/\/nl.wikipedia.org\/wiki\/Lokale_ruileconomie#Social_Trade_Circuit_Nederland\">lokale ruileconomie <\/a>op Wikipedia<\/p>\n","protected":false},"excerpt":{"rendered":"<p>Time banking is een manier om ruilhandel tussen particulieren te waarderen. \u00c9\u00e9n TBA (Timebank Arnhem eenheid) kun je gelijk stellen aan \u00e9\u00e9n uur vrijwiliggersinzet. Daarmee staat 1,5 TBA gelijk aan 1,5 uur. De Arnhems Hert gemeenschap introduceert deze TBA naast de sinds 2018 in omloop zijnde Arnhems Hert.Elke particuliere Arnhems Hert deelnemer krijgt (naast zijn\/haar [&hellip;]<\/p>\n","protected":false},"author":1,"featured_media":0,"parent":0,"menu_order":0,"comment_status":"closed","ping_status":"closed","template":"","meta":{"footnotes":""},"yoast_head":"<!-- This site is optimized with the Yoast SEO plugin v23.5 - https:\/\/yoast.com\/wordpress\/plugins\/seo\/ -->\n<title>Time Bank Arnhem (TBA) - Timebank Arnhem<\/title>\n<meta name=\"robots\" content=\"index, follow, max-snippet:-1, max-image-preview:large, max-video-preview:-1\" \/>\n<link rel=\"canonical\" href=\"https:\/\/timebankarnhem.nl\/index.php\/time-bank-arnhem-tba\/\" \/>\n<meta property=\"og:locale\" content=\"nl_NL\" \/>\n<meta property=\"og:type\" content=\"article\" \/>\n<meta property=\"og:title\" content=\"Time Bank Arnhem (TBA) - Timebank Arnhem\" \/>\n<meta property=\"og:description\" content=\"Time banking is een manier om ruilhandel tussen particulieren te waarderen. \u00c9\u00e9n TBA (Timebank Arnhem eenheid) kun je gelijk stellen aan \u00e9\u00e9n uur vrijwiliggersinzet. Daarmee staat 1,5 TBA gelijk aan 1,5 uur. De Arnhems Hert gemeenschap introduceert deze TBA naast de sinds 2018 in omloop zijnde Arnhems Hert.Elke particuliere Arnhems Hert deelnemer krijgt (naast zijn\/haar [&hellip;]\" \/>\n<meta property=\"og:url\" content=\"https:\/\/timebankarnhem.nl\/index.php\/time-bank-arnhem-tba\/\" \/>\n<meta property=\"og:site_name\" content=\"Timebank Arnhem\" \/>\n<meta name=\"twitter:card\" content=\"summary_large_image\" \/>\n<meta name=\"twitter:label1\" content=\"Geschatte leestijd\" \/>\n\t<meta name=\"twitter:data1\" content=\"1 minuut\" \/>\n<script type=\"application\/ld+json\" class=\"yoast-schema-graph\">{\"@context\":\"https:\/\/schema.org\",\"@graph\":[{\"@type\":\"WebPage\",\"@id\":\"https:\/\/timebankarnhem.nl\/index.php\/time-bank-arnhem-tba\/\",\"url\":\"https:\/\/timebankarnhem.nl\/index.php\/time-bank-arnhem-tba\/\",\"name\":\"Time Bank Arnhem (TBA) - Timebank Arnhem\",\"isPartOf\":{\"@id\":\"https:\/\/timebankarnhem.nl\/#website\"},\"datePublished\":\"2023-10-23T19:46:59+00:00\",\"dateModified\":\"2023-10-23T19:46:59+00:00\",\"breadcrumb\":{\"@id\":\"https:\/\/timebankarnhem.nl\/index.php\/time-bank-arnhem-tba\/#breadcrumb\"},\"inLanguage\":\"nl-NL\",\"potentialAction\":[{\"@type\":\"ReadAction\",\"target\":[\"https:\/\/timebankarnhem.nl\/index.php\/time-bank-arnhem-tba\/\"]}]},{\"@type\":\"BreadcrumbList\",\"@id\":\"https:\/\/timebankarnhem.nl\/index.php\/time-bank-arnhem-tba\/#breadcrumb\",\"itemListElement\":[{\"@type\":\"ListItem\",\"position\":1,\"name\":\"Home\",\"item\":\"https:\/\/timebankarnhem.nl\/\"},{\"@type\":\"ListItem\",\"position\":2,\"name\":\"Time Bank Arnhem (TBA)\"}]},{\"@type\":\"WebSite\",\"@id\":\"https:\/\/timebankarnhem.nl\/#website\",\"url\":\"https:\/\/timebankarnhem.nl\/\",\"name\":\"Timebank Arnhem\",\"description\":\"Gekoppeld aan Arnhems Hert\",\"publisher\":{\"@id\":\"https:\/\/timebankarnhem.nl\/#organization\"},\"potentialAction\":[{\"@type\":\"SearchAction\",\"target\":{\"@type\":\"EntryPoint\",\"urlTemplate\":\"https:\/\/timebankarnhem.nl\/?s={search_term_string}\"},\"query-input\":{\"@type\":\"PropertyValueSpecification\",\"valueRequired\":true,\"valueName\":\"search_term_string\"}}],\"inLanguage\":\"nl-NL\"},{\"@type\":\"Organization\",\"@id\":\"https:\/\/timebankarnhem.nl\/#organization\",\"name\":\"Timebank Arnhem\",\"url\":\"https:\/\/timebankarnhem.nl\/\",\"logo\":{\"@type\":\"ImageObject\",\"inLanguage\":\"nl-NL\",\"@id\":\"https:\/\/timebankarnhem.nl\/#\/schema\/logo\/image\/\",\"url\":\"https:\/\/timebankarnhem.nl\/wp-content\/uploads\/2023\/10\/TBA-logo-150-100.png\",\"contentUrl\":\"https:\/\/timebankarnhem.nl\/wp-content\/uploads\/2023\/10\/TBA-logo-150-100.png\",\"width\":150,\"height\":100,\"caption\":\"Timebank Arnhem\"},\"image\":{\"@id\":\"https:\/\/timebankarnhem.nl\/#\/schema\/logo\/image\/\"}}]}<\/script>\n<!-- \/ Yoast SEO plugin. -->","yoast_head_json":{"title":"Time Bank Arnhem (TBA) - Timebank Arnhem","robots":{"index":"index","follow":"follow","max-snippet":"max-snippet:-1","max-image-preview":"max-image-preview:large","max-video-preview":"max-video-preview:-1"},"canonical":"https:\/\/timebankarnhem.nl\/index.php\/time-bank-arnhem-tba\/","og_locale":"nl_NL","og_type":"article","og_title":"Time Bank Arnhem (TBA) - Timebank Arnhem","og_description":"Time banking is een manier om ruilhandel tussen particulieren te waarderen. \u00c9\u00e9n TBA (Timebank Arnhem eenheid) kun je gelijk stellen aan \u00e9\u00e9n uur vrijwiliggersinzet. Daarmee staat 1,5 TBA gelijk aan 1,5 uur. De Arnhems Hert gemeenschap introduceert deze TBA naast de sinds 2018 in omloop zijnde Arnhems Hert.Elke particuliere Arnhems Hert deelnemer krijgt (naast zijn\/haar [&hellip;]","og_url":"https:\/\/timebankarnhem.nl\/index.php\/time-bank-arnhem-tba\/","og_site_name":"Timebank Arnhem","twitter_card":"summary_large_image","twitter_misc":{"Geschatte leestijd":"1 minuut"},"schema":{"@context":"https:\/\/schema.org","@graph":[{"@type":"WebPage","@id":"https:\/\/timebankarnhem.nl\/index.php\/time-bank-arnhem-tba\/","url":"https:\/\/timebankarnhem.nl\/index.php\/time-bank-arnhem-tba\/","name":"Time Bank Arnhem (TBA) - Timebank Arnhem","isPartOf":{"@id":"https:\/\/timebankarnhem.nl\/#website"},"datePublished":"2023-10-23T19:46:59+00:00","dateModified":"2023-10-23T19:46:59+00:00","breadcrumb":{"@id":"https:\/\/timebankarnhem.nl\/index.php\/time-bank-arnhem-tba\/#breadcrumb"},"inLanguage":"nl-NL","potentialAction":[{"@type":"ReadAction","target":["https:\/\/timebankarnhem.nl\/index.php\/time-bank-arnhem-tba\/"]}]},{"@type":"BreadcrumbList","@id":"https:\/\/timebankarnhem.nl\/index.php\/time-bank-arnhem-tba\/#breadcrumb","itemListElement":[{"@type":"ListItem","position":1,"name":"Home","item":"https:\/\/timebankarnhem.nl\/"},{"@type":"ListItem","position":2,"name":"Time Bank Arnhem (TBA)"}]},{"@type":"WebSite","@id":"https:\/\/timebankarnhem.nl\/#website","url":"https:\/\/timebankarnhem.nl\/","name":"Timebank Arnhem","description":"Gekoppeld aan Arnhems Hert","publisher":{"@id":"https:\/\/timebankarnhem.nl\/#organization"},"potentialAction":[{"@type":"SearchAction","target":{"@type":"EntryPoint","urlTemplate":"https:\/\/timebankarnhem.nl\/?s={search_term_string}"},"query-input":{"@type":"PropertyValueSpecification","valueRequired":true,"valueName":"search_term_string"}}],"inLanguage":"nl-NL"},{"@type":"Organization","@id":"https:\/\/timebankarnhem.nl\/#organization","name":"Timebank Arnhem","url":"https:\/\/timebankarnhem.nl\/","logo":{"@type":"ImageObject","inLanguage":"nl-NL","@id":"https:\/\/timebankarnhem.nl\/#\/schema\/logo\/image\/","url":"https:\/\/timebankarnhem.nl\/wp-content\/uploads\/2023\/10\/TBA-logo-150-100.png","contentUrl":"https:\/\/timebankarnhem.nl\/wp-content\/uploads\/2023\/10\/TBA-logo-150-100.png","width":150,"height":100,"caption":"Timebank Arnhem"},"image":{"@id":"https:\/\/timebankarnhem.nl\/#\/schema\/logo\/image\/"}}]}},"_links":{"self":[{"href":"https:\/\/timebankarnhem.nl\/index.php\/wp-json\/wp\/v2\/pages\/176"}],"collection":[{"href":"https:\/\/timebankarnhem.nl\/index.php\/wp-json\/wp\/v2\/pages"}],"about":[{"href":"https:\/\/timebankarnhem.nl\/index.php\/wp-json\/wp\/v2\/types\/page"}],"author":[{"embeddable":true,"href":"https:\/\/timebankarnhem.nl\/index.php\/wp-json\/wp\/v2\/users\/1"}],"replies":[{"embeddable":true,"href":"https:\/\/timebankarnhem.nl\/index.php\/wp-json\/wp\/v2\/comments?post=176"}],"version-history":[{"count":1,"href":"https:\/\/timebankarnhem.nl\/index.php\/wp-json\/wp\/v2\/pages\/176\/revisions"}],"predecessor-version":[{"id":177,"href":"https:\/\/timebankarnhem.nl\/index.php\/wp-json\/wp\/v2\/pages\/176\/revisions\/177"}],"wp:attachment":[{"href":"https:\/\/timebankarnhem.nl\/index.php\/wp-json\/wp\/v2\/media?parent=176"}],"curies":[{"name":"wp","href":"https:\/\/api.w.org\/{rel}","templated":true}]}}